{"id":4412,"date":"2022-03-12T23:57:38","date_gmt":"2022-03-12T22:57:38","guid":{"rendered":"https:\/\/caravanes.santeenentreprise.com\/produit\/hoodie-with-logo\/"},"modified":"2025-04-15T03:24:28","modified_gmt":"2025-04-15T03:24:28","slug":"prevkitpalu","status":"publish","type":"product","link":"https:\/\/caravanes.santeenentreprise.com\/en\/product\/prevkitpalu\/","title":{"rendered":"Prev Kit Palu"},"content":{"rendered":"<p>Le KiT complet de pr\u00e9vention tout-en-un contre le paludisme !<\/p>\n<p>Sa composition sp\u00e9ciale, permet d&rsquo;avoir une protection efficace et de longue dur\u00e9e contre les piq\u00fbres de moustiques. Il est constitu\u00e9 de :<\/p>\n<ol>\n<li><b>Moustiquaire <\/b><b>nouvelle g\u00e9n\u00e9ration : <\/b>L&rsquo;utilisation d&rsquo;une moustiquaire impr\u00e9gn\u00e9e la nuit est reconnue comme la protection la plus efficace contre les moustiques et autres insectes.<\/li>\n<li><b>Pommade anti-moustique: <\/b>MA\u00cfA hydrate la peau en profondeur gr\u00e2ce \u00e0 un beurre de karit\u00e9 nourrissant. MA\u00cfA prot\u00e8ge des moustiques porteurs du paludisme pendant plus de 8 heures.<\/li>\n<li><b>Informations sur le paludisme : <\/b>Un site web d\u00e9di\u00e9 interactif qui donne toutes les informations contre le paludisme avec des liens de partage vers les r\u00e9seaux sociaux.<\/li>\n<li><b>Etiquette personnalis\u00e9e: <\/b>Une \u00e9tiquette personnalis\u00e9e comportant votre message et votre logo pour d\u00e9montrer votre engagement pour le bien-\u00eatre du b\u00e9n\u00e9ficiaire<\/li>\n<\/ol>","protected":false},"excerpt":{"rendered":"<p>Le KiT complet de pr\u00e9vention contre le paludisme !<\/p>\n<div id=\"gtx-trans\" style=\"position: absolute; left: -1px; top: -9.77391px;\">\n<div class=\"gtx-trans-icon\"><\/div>\n<\/div>","protected":false},"featured_media":4414,"template":"","meta":{"_regular_price":["15"],"currency_symbol":[]},"product_brand":[],"product_cat":[33],"product_tag":[],"class_list":{"0":"post-4412","1":"product","2":"type-product","3":"status-publish","4":"has-post-thumbnail","6":"product_cat-kits-preventifs","7":"product_shipping_class-prevkitpalu","9":"first","10":"instock","11":"featured","12":"shipping-taxable","13":"purchasable","14":"product-type-simple"},"post_slider_layout_featured_media_urls":{"thumbnail":["https:\/\/caravanes.santeenentreprise.com\/wp-content\/uploads\/2022\/03\/KIt-Prev-Avant--150x150.png",150,150,true],"post_slider_layout_landscape_large":["https:\/\/caravanes.santeenentreprise.com\/wp-content\/uploads\/2022\/03\/KIt-Prev-Avant--1200x800.png",1200,800,true],"post_slider_layout_portrait_large":["https:\/\/caravanes.santeenentreprise.com\/wp-content\/uploads\/2022\/03\/KIt-Prev-Avant--1200x1800.png",1200,1800,true],"post_slider_layout_square_large":["https:\/\/caravanes.santeenentreprise.com\/wp-content\/uploads\/2022\/03\/KIt-Prev-Avant--1200x1200.png",1200,1200,true],"post_slider_layout_landscape":["https:\/\/caravanes.santeenentreprise.com\/wp-content\/uploads\/2022\/03\/KIt-Prev-Avant--600x400.png",600,400,true],"post_slider_layout_portrait":["https:\/\/caravanes.santeenentreprise.com\/wp-content\/uploads\/2022\/03\/KIt-Prev-Avant--600x900.png",600,900,true],"post_slider_layout_square":["https:\/\/caravanes.santeenentreprise.com\/wp-content\/uploads\/2022\/03\/KIt-Prev-Avant--600x600.png",600,600,true],"full":["https:\/\/caravanes.santeenentreprise.com\/wp-content\/uploads\/2022\/03\/KIt-Prev-Avant-.png",1554,1800,false]},"jetpack_sharing_enabled":true,"_links":{"self":[{"href":"https:\/\/caravanes.santeenentreprise.com\/en\/wp-json\/wp\/v2\/product\/4412","targetHints":{"allow":["GET"]}}],"collection":[{"href":"https:\/\/caravanes.santeenentreprise.com\/en\/wp-json\/wp\/v2\/product"}],"about":[{"href":"https:\/\/caravanes.santeenentreprise.com\/en\/wp-json\/wp\/v2\/types\/product"}],"wp:featuredmedia":[{"embeddable":true,"href":"https:\/\/caravanes.santeenentreprise.com\/en\/wp-json\/wp\/v2\/media\/4414"}],"wp:attachment":[{"href":"https:\/\/caravanes.santeenentreprise.com\/en\/wp-json\/wp\/v2\/media?parent=4412"}],"wp:term":[{"taxonomy":"product_brand","embeddable":true,"href":"https:\/\/caravanes.santeenentreprise.com\/en\/wp-json\/wp\/v2\/product_brand?post=4412"},{"taxonomy":"product_cat","embeddable":true,"href":"https:\/\/caravanes.santeenentreprise.com\/en\/wp-json\/wp\/v2\/product_cat?post=4412"},{"taxonomy":"product_tag","embeddable":true,"href":"https:\/\/caravanes.santeenentreprise.com\/en\/wp-json\/wp\/v2\/product_tag?post=4412"}],"curies":[{"name":"wp","href":"https:\/\/api.w.org\/{rel}","templated":true}]}}

<p>Le KiT complet de prévention tout-en-un contre le paludisme !</p>
<p>Sa composition spéciale, permet d&rsquo;avoir une protection efficace et de longue durée contre les piqûres de moustiques. Il est constitué de :</p>
<ol>
<li><b>Moustiquaire </b><b>nouvelle génération : </b>L&rsquo;utilisation d&rsquo;une moustiquaire imprégnée la nuit est reconnue comme la protection la plus efficace contre les moustiques et autres insectes.</li>
<li><b>Pommade anti-moustique: </b>MAÏA hydrate la peau en profondeur grâce à un beurre de karité nourrissant. MAÏA protège des moustiques porteurs du paludisme pendant plus de 8 heures.</li>
<li><b>Informations sur le paludisme : </b>Un site web dédié interactif qui donne toutes les informations contre le paludisme avec des liens de partage vers les réseaux sociaux.</li>
<li><b>Etiquette personnalisée: </b>Une étiquette personnalisée comportant votre message et votre logo pour démontrer votre engagement pour le bien-être du bénéficiaire</li>
</ol>

<p>Le KiT complet de prévention contre le paludisme !</p>
<div id="gtx-trans" style="position: absolute; left: -1px; top: -9.77391px;">
<div class="gtx-trans-icon"></div>
</div>
